t is -22241225 + 3?
-22241222
In base 3, what is -11120102 + -2?
-11120111
In base 13, what is 1 - -1a07a?
1a07b
In base 5, what is 211224414 - 10?
211224404
In base 14, what is -152 - a52?
-ba4
In base 10, what is 12027 - 11?
12016
In base 15, what is 18 + -1d95?
-1d7c
In base 4, what is 10 - 2123122?
-2123112
In base 16, what is 5 - 3bb7b?
-3bb76
In base 8, what is -405724 - -4?
-405720
In base 9, what is -10 + 2721?
2711
In base 5, what is 1124103 + 0?
1124103
In base 12, what is -17 - -2520?
2505
In base 15, what is 13698b + 4?
136990
In base 9, what is -26 + 16605?
16568
In base 14, what is 3 - -13053?
13056
In base 3, what is -1201022111 + 0?
-1201022111
In base 7, what is 5 + 1362354?
1362362
In base 5, what is 42323 - 2222?
40101
In base 9, what is 0 + -351075?
-351075
In base 8, what is -4 - -712143?
712137
In base 2, what is -1001001 - 11110110111?
-100000000000
In base 9, what is -10 + 6550?
6540
In base 15, what is cca - -13?
cdd
In base 13, what is 6 + 7895a?
78963
In base 8, what is 2 - 523455?
-523453
In base 7, what is 6062 - 110?
5652
In base 3, what is 1002201 + -12112?
220012
In base 16, what is 9170 + 1?
9171
In base 8, what is 1521 - 311?
1210
In base 11, what is -904 - -14?
-8a0
In base 9, what is -4 + 3202101?
3202086
In base 13, what is -2c1 - -24c?
-72
In base 15, what is 2b40c + -5?
2b407
In base 3, what is 10 + 10222121201?
10222121211
In base 4, what is -11 + -1121330?
-1122001
In base 11, what is 5 + 204811?
204816
In base 10, what is -3591 + 244?
-3347
In base 3, what is 12 - -202022221212?
202022222001
In base 12, what is -b + -8b895?
-8b8a4
In base 7, what is -14254 + 11?
-14243
In base 12, what is 4 + 6ab04?
6ab08
In base 12, what is 12239 - -3a?
12277
In base 16, what is 3 - 10f89?
-10f86
In base 14, what is -3 - 11752?
-11755
In base 5, what is 103 - 4132?
-4024
In base 2, what is -10100000100101001 + 1001?
-10100000100100000
In base 9, what is -302 + 1212?
810
In base 2, what is 1000110000100011100101 + 1?
1000110000100011100110
In base 16, what is 2 - -8307?
8309
In base 14, what is 976 - -4?
97a
In base 7, what is -465 - 4553?
-5351
In base 15, what is -6 + 34ab?
34a5
In base 2, what is -1 - -100011001100111?
100011001100110
In base 7, what is 11 + -35502?
-35461
In base 10, what is -31 + 8673?
8642
In base 11, what is -156 + 305?
15a
In base 9, what is -72 - -8158?
8076
In base 11, what is 7 - -11327?
11333
In base 16, what is -2a45 - -4?
-2a41
In base 11, what is -2 + 14196a?
141968
In base 3, what is -102111 - 1000102?
-1102220
In base 3, what is 100 - -2122102?
2122202
In base 12, what is -2685 + 0?
-2685
In base 13, what is 1b4 + 33?
217
In base 2, what is 11001100010111 + 111?
11001100011110
In base 4, what is -331 + -22012?
-23003
In base 4, what is 0 + -11313223?
-11313223
In base 3, what is 1 + 11022?
11100
In base 6, what is -2 + 2005012?
2005010
In base 2, what is -11000 + -10111111001?
-11000010001
In base 12, what is -18869 + 2?
-18867
In base 15, what is -100 + -c37?
-d37
In base 12, what is 31 + -175a?
-1729
In base 14, what is -44067 - 1a?
-44083
In base 8, what is -45310 - -26?
-45262
In base 13, what is 12 - -b791?
b7a3
In base 4, what is 21013330 - 12?
21013312
In base 5, what is 22114 + -4043?
13021
In base 8, what is 227 - 16616?
-16367
In base 7, what is 5 + -34562?
-34554
In base 15, what is 46 - 70a5?
-705e
In base 2, what is -110111000100100100 - 1?
-110111000100100101
In base 16, what is -176 - -1e1?
6b
In base 12, what is 2 + -10533?
-10531
In base 2, what is -100100010 - 11110?
-101000000
In base 11, what is -4a - -1111?
1072
In base 6, what is 10322 + -1453?
4425
In base 3, what is -110201001 - 1020?
-110202021
In base 9, what is 1 + -183166?
-183165
In base 5, what is -13440 + 101?
-13334
In base 10, what is 511 - 256?
255
In base 11, what is 2a2003 + -10?
2a1aa3
In base 8, what is 10 + -52274?
-52264
In base 4, what is -132000001 + -3?
-132000010
In base 16, what is -f44 - -9?
-f3b
In base 12, what is -16 - -275b1?
27597
In base 8, what is -2 - 301312?
-301314
In base 11, what is 97 - -2966?
2a52
In base 5, what is 2 - 441433?
-441431
In base 16, what is 2b9d - -5?
2ba2
In base 13, what is 1634 - -15?
1649
In base 12, what is 3 + 150681?
150684
In base 6, what is 0 - -502440?
502440
In base 5, what is -1221430312 + 10?
-1221430302
In base 16, what is 123a + 20d?
1447
In base 7, what is 305011 - -3?
305014
In base 12, what is 6642 + 4?
6646
In base 9, what is -2 + 12?
10
In base 7, what is -102243 + 0?
-102243
In base 11, what is 0 + 27141?
27141
In base 13, what is -3 + 760?
75a
In base 5, what is 1 - -231222?
231223
In base 14, what is -b1 + 394?
2c3
In base 14, what is -1 + 12824?
12823
In base 11, what is -4 + -3906?
-390a
In base 14, what is 1 - -58c8?
58c9
In base 10, what is 99886 + 4?
99890
In base 3, what is 11112211122 + 10?
11112211202
In base 6, what is 10 + -2313150?
-2313140
In base 4, what is 3 + -1010022111?
-1010022102
In base 16, what is -3d5 + -80?
-455
In base 9, what is -172 + 71082?
70810
In base 3, what is -122021011 + -11?
-122021022
In base 13, what is -3 + -44b49?
-44b4c
In base 14, what is -35 - -22d?
1d8
In base 7, what is 24 - -113010?
113034
In base 10, what is 14720 + 23?
14743
In base 3, what is 11120 + -2012?
2101
In base 12, what is 1769 + -21?
1748
In base 4, what is -10111 - -322?
-3123
In base 12, what is -42 - -8b0?
86a
In base 7, what is -2 + 13426211?
13426206
In base 15, what is -15b - -4?
-157
In base 7, what is -12656 + 405?
-12251
In base 11, what is 29a743 + 1?
29a744
In base 13, what is 4 - 9c98?
-9c94
In base 12, what is 260 + 891?
b31
In base 9, what is 681 - 5?
675
In base 12, what is -3221 + 3?
-321a
In base 14, what is 1cd27 + -13?
1cd14
In base 13, what is 15 - -48c?
4a4
In base 7, what is -5263 + 4111?
-1152
In base 9, what is 18 + -5136?
-5117
In base 13, what is 1078 - 29?
104c
In base 16, what is 26 - e8f?
-e69
In base 13, what is -2 - -a8cc?
a8ca
In base 15, what is -4d0dc - -5?
-4d0d7
In base 14, what is 1 + -44a95?
-44a94
In base 9, what is -1280 + 132?
-1147
In base 5, what is 231113 + -13?
231100
In base 7, what is 653034 + 0?
653034
In base 16, what is 2b04 + 1d?
2b21
In base 16, what is 4f24b + 0?
4f24b
In base 10, what is 4 - 605839?
-605835
In base 9, what is -63 + -5741?
-5814
In base 11, what is 58806 + 0?
58806
In base 9, what is 143446 - 20?
143426
In base 12, what is -333 + -1?
-334
In base 16, what is -2 + 13096d?
13096b
In base 12, what is -a + 6b54a?
6b540
In base 9, what is -88 + 737?
638
In base 16, what is a - -81b8?
81c2
In base 14, what is -2907c7 + -1?
-2907c8
In base 10, what is 29 + 100?
129
In base 4, what is 102200 - 212200?
-110000
In base 5, what is -2 + 142340131?
142340124
In base 4, what is 1201221010 - -21?
1201221031
In base 15, what is 1e - -3957?
3976
In base 5, what is 34242 - 11?
34231
In base 4, what is 23010323 - -302?
23011231
In base 7, what is 213 - 131246?
-131033
In base 8, what is -517374 + 0?
-517374
In base 5, what is -13 - -4222?
4204
In base 5, what is -2003 - 1031?
-3034
In base 11, what is -24 + 118a?
1166
In base 11, what is -5273 - -102?
-5171
In base 6, what is 1251324 - -13?
1251341
In base 13, what is -37b429 - 1?
-37b42a
In base 11, what is -1 - 2a971?
-2a972
In base 7, what is 2 - -6625?
6630
In base 6, what is -4211125 - -5?
-4211120
In base 9, what is 268521 + 6?
268527
In base 2, what is 10001 + -10011100011101?
-10011100001100
In base 5, what is -1403 - -13?
-1340
In base 7, what is 1364356 + -1?
1364355
In base 2, what is 100101111011010 + -110?
100101111010100
In base 11, what is -660 + -3420?
-3a80
In base 7, what is 24666 + -354?
24312
In base 15, what is 317b - -26?
31a2
In base 11, what is -5 - 75629?
-75633
In base 10, what is -3604015 - -4?
-3604011
In base 11, what is -104 - -25a7?
24a3
In base 7, what is 6264 - 13?
6251
In base 8, what is 126123 - -5?
126130
In base 4, what is 1000300313 + -3?
1000300310
In base 12, what is -57a09a - 1?
-57a09b
In base 11, what is -11a8269 - 5?
-11a8273
In base 10, what is 439182 - 2?
439180
In base 13, what is -2 - -465?
463
In base 7, what is 15 - 5250?
-5232
In base 2, what is -100010101001110 - -100?
-100010101001010
In base 2, what is -10101101101010100 + -101?
-10101101101011001
In base 6, what is -3 - -41